 + 1 + 2 + 3*k + 5*k. Is 19 a factor of w(14)?
True
Suppose -16*a = -712 - 632. Does 7 divide a?
True
Let h(b) be the first derivative of b**4/12 + b**3/6 - 2*b**2 - 3*b + 4. Let v(x) be the first derivative of h(x). Is 13 a factor of v(-6)?
True
Let h(y) be the first derivative of -y**3/3 + 2*y**2 + 4. Let v be h(4). Suppose 5*n - 5*x - 215 = v, 0 = -3*n + 2*x + 2*x + 124. Is 11 a factor of n?
False
Suppose -6*f + 11*f + 60 = 0. Is (-2)/(-3)*f/(-9)*9 a multiple of 8?
True
Suppose 2*l - 9 + 1 = 0. Suppose l*u = 10*u - 504. Is 21 a factor of u?
True
Let y be (1 - 2)/1 - 1. Let c be ((-35)/(-10))/(1/y). Let b(i) = -4*i + 4. Is b(c) a multiple of 16?
True
Let s = 39 - 34. Suppose -6 = 2*h - 8, h = -s*y + 551. Does 11 divide y?
True
Let x = 3200 - 1962. Does 76 divide x?
False
Suppose 4*l + 2730 = 5*y, 513 = y + 2*l - 47. Suppose 4*f + f = y. Suppose -5*k = 20 - f. Is 18 a factor of k?
True
Suppose 5*r + z = 52 + 40, 73 = 4*r + z. Suppose 0 = -3*a + 8 + r. Does 4 divide a?
False
Let r = 8 + -6. Suppose r*w = g, g + w = 6*w - 3. Suppose -5*s + 45 = 4*a, 4*s - g*a - 62 = -0*s. Is s a multiple of 5?
False
Let s be 2/(-8)*(-140)/5. Let n(j) = 5*j + 16. Let g be n(s). Suppose -8*h + g = -437. Is 25 a factor of h?
False
Let g(u) = 237*u**2 + 4*u + 5. Is 16 a factor of g(-1)?
False
Suppose -m = -52 - 156. Is m a multiple of 13?
True
Let i = 34 + -36. Let q be (i/4)/(3/(-222)). Suppose 0*h - h - c = -q, -4*c = -3*h + 111. Is 7 a factor of h?
False
Let i = 5179 - 2683. Is i a multiple of 16?
True
Let o(v) be the first derivative of 10*v**2 + 2*v - 68. Suppose 5*z = -0*a - 3*a - 9, -3*a = -4*z - 18. Does 14 divide o(a)?
True
Let g = -1955 - -2163. Is 52 a factor of g?
True
Let k = 17 + 199. Is k a multiple of 36?
True
Suppose -12*x = -25*x + 507. Does 16 divide x?
False
Suppose 2*p = -4*j + 1266, p - 2*p + j + 618 = 0. Is p a multiple of 31?
False
Suppose 6 = w - 2*q - 6, -3*w - 8 = 5*q. Suppose -8 = -4*d, w*d = -4*u - d + 18. Suppose -u*x = 2 - 70. Is x a multiple of 15?
False
Let k(d) = -d**3 + 5*d**2 + 6*d. Let w be k(6). Let a be (-15)/(-6)*(-66)/(-55). Suppose -3*g + a*j + j = -90, w = -2*j. Is 12 a factor of g?
False
Let y(s) = 3*s**2 - 331 + 345 - 4*s**2 + 4*s - 2*s. Let b = 11 + -11. Is 14 a factor of y(b)?
True
Suppose -81*s + 28*s = -1219. Is s a multiple of 2?
False
Suppose 2*p = -4*w + 1194, 836 + 373 = 4*w + 5*p. Suppose 3*x = w - 11. Does 38 divide x?
False
Let y(x) = x**3 + 2*x**2 - 5*x - 4. Let g be y(-3). Let b(o) = 7*o - o**3 + 12*o**g + 3 - 2*o - 17*o**2. Is 2 a factor of b(-6)?
False
Suppose -54*t - 2*t = -10080. Does 6 divide t?
True
Let v(x) = -32*x**3 + 2*x**2 - 3*x. Is v(-2) a multiple of 54?
True
Is 40 a factor of ((-140)/(-84))/(4/3)*320?
True
Suppose p - 7*p + 3126 = 0. Let v = 756 - p. Is v a multiple of 15?
False
Let s(r) = 4761 + r - 4739 - 8*r. Does 22 divide s(0)?
True
Is 12 a factor of 8/(-18) - 1952/(-18)?
True
Suppose c - 150 = 2*c + 4*h, -5*h - 675 = 5*c. Let t = 209 + c. Is 20 a factor of t?
False
Suppose 5*t - 21 = -4*p, -2*t = 8*p - 11*p - 13. Let a be 2/(-6) + 890/6. Suppose 4*y - t*z = a, 4*y - 188 = -2*z - 3*z. Does 19 divide y?
False
Let t = 111 + -3. Does 44 divide 24/t - (-1310)/18?
False
Suppose 10*c = 4*c. Is 6 a factor of c/1 + 45 + -9?
True
Let k = -12 - -14. Suppose -4*b + 126 + 30 = -k*p, -2*b + 3*p + 74 = 0. Is 10 a factor of 1/((-15)/(-12))*b?
False
Let m(d) be the third derivative of 23*d**5/60 + d**3/3 + 17*d**2. Does 4 divide m(1)?
False
Is 8 a factor of (0 - (11 + -12))*56*6?
True
Let r(v) = -3*v**2 + 22*v - 9. Let l(u) = -u**2 + 11*u - 5. Let x(b) = -5*l(b) + 2*r(b). Let m be x(-13). Is (m + 2)/(2 + -3) a multiple of 5?
False
Suppose -24 = -3*h - 4*j + 12, 4*h - 3*j = 23. Is 27 a factor of (-204)/h*-2 + 3?
True
Let u be -2*((-67)/2 - -3). Suppose 4*r - o = 232, 2*r - r - o = u. Does 5 divide r?
False
Let v(k) = 5*k**2 + 2*k + 10. Let o be v(-5). Suppose -7*y = -2*y - o. Is 9 a factor of y?
False
Let u = -2433 + 3897. Does 12 divide u?
True
Let y = 13 - 8. Suppose -2*x + 31 = -5*x + y*k, 4*x = -5*k + 17. Is 4 a factor of ((-35)/(-15))/(x/(-12))?
False
Let k = 1969 + -1234. Suppose -58*g = -53*g - k. Is g a multiple of 13?
False
Let m(a) = a**2 + 7*a + 8. Let d be m(-4). Let c be (d/(-10))/((-4)/60). Let l(n) = -n**3 - 7*n**2 - 9*n - 6. Is l(c) a multiple of 7?
False
Suppose -108 = -3*y - 3*o + 99, 3*y + 5*o - 209 = 0. Suppose -3*i + 5*a = -y, -8*a + 3*a = 5. Does 17 divide i?
False
Suppose 4*h - 3*n = 509, -h + 2*n - 2 = -123. Is 5 a factor of h?
False
Let x be (-3 + (-28)/(-8))*0. Suppose -5*h - 3*i + x*i = -25, 5*h + 5*i - 35 = 0. Suppose -h*c + 68 = -2*n - 3*n, -n - 216 = -5*c. Is c a multiple of 11?
True
Let d(f) = 12*f - 8. Let h be d(5). Is 6 a factor of (3 - (-3)/(-6))*h/5?
False
Let s = -860 + 1909. Is 40 a factor of s?
False
Let v(k) = -14*k - 1. Let q(g) = 43*g + 8. Let z(m) = -43*m - 7. Let a(s) = -4*q(s) - 5*z(s). Let y(b) = -6*a(b) - 17*v(b). Is y(-2) a multiple of 13?
True
Let p(v) = -v**2 - 2*v + 17. Let f(r) = -r**3 - 4*r**2 - r - 4. Let k be f(-4). Does 5 divide p(k)?
False
Let g be (-5)/(-4 + 1 + 2). Suppose -4*j = -4*h - 415 - 121, -2*j = g*h - 254. Is 39 a factor of j?
False
Does 16 divide 1127 + -1 - (-67 - -66)?
False
Let u = -62 - -211. Is u a multiple of 4?
False
Let m(a) = a**2 - 3*a + 8. Let q(o) = -5*o - 15. Let s(r) = -4*r - 14. Let x(t) = 3*q(t) - 4*s(t). Let i be x(-7). Does 5 divide m(i)?
False
Suppose -2*t + 4*y + 4244 = 0, 3*t = 13*y - 17*y + 6406. Is 30 a factor of t?
True
Suppose 764 = 2*y - a, -4*a + 1168 = -y + 4*y. Suppose -8*t = -5*t - y. Does 11 divide t?
False
Let o = 83 + -79. Suppose 0 = -3*x + o*i + 141, 0*x + 4*x = 3*i + 188. Does 3 divide x?
False
Suppose 0 = -3*z + 4*w + 631, 4*w = 2*z - 12 - 414. Is z a multiple of 21?
False
Does 21 divide 1/((-1)/8) - -974?
True
Suppose -4*l + 347 = 5*f, -6*l + 4*l + 171 = 5*f. Is l a multiple of 10?
False
Suppose 3*m + 984 = 2*d, 2*d + 2*d - m - 1978 = 0. Is 11 a factor of d?
True
Suppose -13*h + 28*h = 6240. Is 32 a factor of h?
True
Let l = -8 + 8. Suppose -z + 3*z = l. Suppose z = 2*o + o - 21. Does 3 divide o?
False
Suppose -4*j + 4*p = -2156, 2*j - 1078 = -2*p + 6*p. Does 49 divide j?
True
Let g = -3 - -1. Let p be g/(((-32)/148)/(-4)). Let z = p - -79. Is 14 a factor of z?
True
Let i(o) = o**2 + 22*o - 113. Is i(13) a multiple of 14?
False
Let d = 5590 - 3719. Does 21 divide d?
False
Suppose 518 = 5*g + 2*j, -14*g + 15*g = -3*j + 101. Is g a multiple of 13?
True
Suppose -7 = -4*u + 13. Let o = 25 + u. Does 13 divide o?
False
Let o = -7 - 21. Let j = -8 - o. Is j a multiple of 7?
False
Suppose 63*c - 17918 = -5633. Is c a multiple of 3?
True
Suppose -h = -7*h + 828. Let b = h - 75. Does 40 divide b?
False
Suppose -5*m + 3*k = -600, 206 + 154 = 3*m - 3*k. Is 10 a factor of m?
True
Does 8 divide ((-1216)/(-8) - -2) + 4*-1?
False
Let v = -704 - -897. Is v a multiple of 67?
False
Let w = 10 + -5. Suppose w*a = 4*i + i + 700, -283 = -2*a + i. Suppose -5*d = -4*c + a, c - 2*c + 4*d + 33 = 0. Is c a multiple of 17?
False
Let l(v) = -31*v**3 - 4*v - 4. Is 12 a factor of l(-2)?
True
Suppose 5*j - 13 = 27. Let p(k) = -k**3 + 8*k**2 + 2*k - 11. Let a be p(j). Suppose -3*i = -22 - a. Is 9 a factor of i?
True
Suppose 253 = 2*f - 191. Is f a multiple of 37?
True
Let b(t) = 7*t + 0 + 0 + 4. Suppose a - 7 = 5*z - 6*z, -3*z - 3 = 0. Is 20 a factor of b(a)?
True
Suppose 25*k = 4*k + 15876. Does 36 divide k?
True
Suppose -30 - 206 = -4*m. Is 9 a factor of m*(2 + -6 - -6)?
False
Suppose 0 = -2*y - d + 868, -y = -6*y + 5*d + 2140. Let b = -127 - -223. Suppose 6*z = y - b. Is z a multiple of 28?
True
Let s = -41 - -41. Suppose 516 = 5*k + 3*p - 261, s = 3*k + 2*p - 467. Does 17 divide k?
True
Let v(f) = 2*f + 3. Let i be 10 + -7 - ((-2)/1 + -1). Does 5 divide v(i)?
True
Suppose -n + 1520 = n. Suppose -n = m - 6*m. Suppose -q = 3*q - m. Is 10 a factor of q?
False
Suppose -w - 5*h = 7, 3*w = 7*w - 4*h - 20. Suppose -2*j - 5 = -w. Is j/((-1)/2) - -14 a multiple of 8?
True
Suppose 0 = -h - 4, -3*y - 2*h = 2*h + 1. Suppose -y*d + 1652 = 2*d. Does 34 divide d?
False
Let i = -87 + 63. Does 15 divide 10/(93/i + 3 - -1)?
False
Let n be -3 - (-52)/8 - (-6)/12. Let g(b) = 4*b - 1. Let s be g(-1). Is 5 a factor of (n/(-10))/(s/300)?
False
Let